3
What are the prime factors of 1614281954?
2, 17, 37, 97, 13229
What are the prime factors of 409494571?
409494571
List the prime factors of 153241310.
2, 5, 15324131
What are the prime factors of 183736924?
2, 7, 29, 71, 3187
List the prime factors of 1507429259.
7, 215347037
List the prime factors of 3039110655.
3, 5, 7, 17, 1217, 1399
List the prime factors of 3258699964.
2, 13, 37, 1693711
What are the prime factors of 288829053?
3, 47, 682811
List the prime factors of 67218855.
3, 5, 11, 263, 1549
What are the prime factors of 216452561?
13, 631, 26387
What are the prime factors of 2993207614?
2, 1496603807
List the prime factors of 14143897.
277, 51061
List the prime factors of 622137126.
2, 3, 13, 7976117
List the prime factors of 8163286451.
31, 2081, 126541
What are the prime factors of 37060653?
3, 7, 467, 3779
What are the prime factors of 721655442?
2, 3, 163, 245963
List the prime factors of 3427424832.
2, 3, 13, 1373167
List the prime factors of 3917337790.
2, 5, 391733779
List the prime factors of 92028909.
3, 7, 709, 883
What are the prime factors of 56561698?
2, 107, 113, 2339
List the prime factors of 2508825.
3, 5, 11, 3041
List the prime factors of 837505417.
7, 23, 53, 61, 1609
List the prime factors of 7510854.
2, 3, 13, 96293
List the prime factors of 5215385384.
2, 11, 59265743
List the prime factors of 5020187341.
13, 386168257
What are the prime factors of 153254646?
2, 3, 19, 149371
What are the prime factors of 75468945?
3, 5, 1433, 3511
List the prime factors of 44455530.
2, 3, 5, 7, 211693
What are the prime factors of 61249267?
61249267
What are the prime factors of 192728576?
2, 47, 8009
What are the prime factors of 2952174490?
2, 5, 295217449
List the prime factors of 62141552.
2, 11, 19, 18583
What are the prime factors of 3761657?
113, 33289
List the prime factors of 1486084849.
577, 2575537
What are the prime factors of 1081054540?
2, 5, 54052727
List the prime factors of 1750588536.
2, 3, 72941189
What are the prime factors of 200575403?
7, 41, 191, 3659
List the prime factors of 126676061.
17, 2153, 3461
List the prime factors of 1178713070.
2, 5, 19, 37, 107, 1567
List the prime factors of 3606393.
3, 7, 171733
What are the prime factors of 5426575?
5, 7, 11, 2819
List the prime factors of 585781048.
2, 61, 1200371
List the prime factors of 3001247.
23, 130489
List the prime factors of 434777255.
5, 11, 241, 32801
What are the prime factors of 2898647?
809, 3583
What are the prime factors of 5373381038?
2, 173, 1373, 11311
List the prime factors of 5050030105.
5, 1010006021
What are the prime factors of 201324960?
2, 3, 5, 29, 1607
What are the prime factors of 42943268?
2, 19, 59, 61, 157
What are the prime factors of 1096036377?
3, 4253, 85903
List the prime factors of 1256828726.
2, 23537, 26699
List the prime factors of 113642650.
2, 5, 11, 206623
List the prime factors of 275176562.
2, 137588281
List the prime factors of 39954429.
3, 4439381
What are the prime factors of 4085665596?
2, 3, 12610079
What are the prime factors of 199104347?
13, 15315719
List the prime factors of 1699476344.
2, 212434543
List the prime factors of 398169579.
3, 132723193
What are the prime factors of 5975740504?
2, 13381, 55823
What are the prime factors of 36003422?
2, 7, 13, 15217
List the prime factors of 83447957.
919, 90803
List the prime factors of 470928582.
2, 3, 1399, 18701
What are the prime factors of 25211633?
727, 34679
List the prime factors of 2890010426.
2, 1445005213
What are the prime factors of 890917740?
2, 3, 5, 401, 12343
What are the prime factors of 2597317925?
5, 137, 758341
What are the prime factors of 74913964?
2, 18728491
List the prime factors of 270217675.
5, 7, 13, 41, 2897
List the prime factors of 14680524.
2, 3, 733, 1669
What are the prime factors of 109015014?
2, 3, 18169169
List the prime factors of 16969990.
2, 5, 79, 21481
List the prime factors of 18378036.
2, 3, 170167
List the prime factors of 618117625.
5, 661, 7481
What are the prime factors of 300031047?
3, 3704087
List the prime factors of 3258816369.
3, 19, 57172217
What are the prime factors of 97165621?
7, 1873, 7411
List the prime factors of 12468246.
2, 3, 7, 42409
What are the prime factors of 758811806?
2, 379405903
What are the prime factors of 4650470932?
2, 19, 941, 65027
List the prime factors of 46233255.
3, 5, 101, 30517
What are the prime factors of 6207319067?
6207319067
List the prime factors of 1646737452.
2, 3, 89, 57107
List the prime factors of 418322101.
418322101
List the prime factors of 149228055.
3, 5, 29, 47, 811
What are the prime factors of 114936726?
2, 3, 37, 517733
What are the prime factors of 489312550?
2, 5, 1733, 5647
What are the prime factors of 1245517427?
7, 11, 17, 135929
What are the prime factors of 225568485?
3, 5, 5012633
What are the prime factors of 57843497?
41, 239, 5903
List the prime factors of 14738034.
2, 3, 19, 129281
What are the prime factors of 135052647?
3, 31, 41, 35419
List the prime factors of 423350132.
2, 83, 193, 6607
What are the prime factors of 181246617?
3, 47, 109, 3931
What are the prime factors of 3787376715?
3, 5, 151, 557377
List the prime factors of 1673003009.
31, 2273, 23743
List the prime factors of 794622704.
2, 17, 563, 5189
What are the prime factors of 2778853114?
2, 83, 199, 84121
List the prime factors of 3263619369.
3, 2903, 374741
List the prime factors of 7061235.
3, 5, 470749
List the prime factors of 590315669.
389, 1517521
List the prime factors of 909075108.
2, 3, 487, 155557
What are the prime factors of 210397565?
5, 7, 6011359
List the prime factors of 43022924.
2, 7, 1536533
What are the prime factors of 530190169?
17, 31187657
What are the prime factors of 112398111?
3, 7, 28319
What are the prime factors of 5394448633?
7, 37, 20827987
What are the prime factors of 57555583?
2357, 24419
What are the prime factors of 1324141395?
3, 5, 23, 149, 25759
List the prime factors of 3149939011.
3527, 893093
What are the prime factors of 24928147?
149, 293, 571
What are the prime factors of 3602121523?
7, 11, 13, 29, 124087
List the prime factors of 256164966.
2, 3, 31, 41, 11197
What are the prime factors of 361966282?
2, 179, 1011079
What are the prime factors of 32519252?
2, 1607, 5059
What are the prime factors of 41484618?
2, 3, 7, 329243
What are the prime factors of 3899001730?
2, 5, 13, 317, 94613
List the prime factors of 90140842.
2, 11, 709, 5779
List the prime factors of 309350368.
2, 23, 420313
List the prime factors of 289652839.
7, 241, 171697
List the prime factors of 19627393.
43, 456451
What are the prime factors of 229469735?
5, 11, 23, 181399
List the prime factors of 116221588.
2, 7, 17, 37, 6599
List the prime factors of 2382334688.
2, 29, 37, 69383
List the prime factors of 629777082.
2, 3, 11, 601, 15877
List the prime factors of 15404807.
11, 41, 34157
What are the prime factors of 5093751839?
11, 509, 909761
What are the prime factors of 154345358?
2, 77172679
List the prime factors of 9213017.
11, 359, 2333
List the prime factors of 40599351.
3, 13, 347003
List the prime factors of 48468274.
2, 24234137
What are the prime factors of 201894136?
2, 25236767
List the prime factors of 346070832.
2, 3, 41, 4289
List the prime factors of 39526604.
2, 13, 23, 33049
What are the prime factors of 685557199?
67, 10232197
What are the prime factors of 7917725410?
2, 5, 7, 19, 751, 7927
List the prime factors of 1103559763.
1103559763
List the prime factors of 2126282926.
2, 1063141463
List the prime factors of 90325033.
90325033
What are the prime factors of 218554738?
2, 109277369
List the prime factors of 50161518.
2, 3, 11, 853
List the prime factors of 510127919.
7, 683, 106699
What are the prime factors of 295454432?
2, 7, 13, 241, 421
What are the prime factors of 1850604145?
5, 13, 89, 319897
List the prime factors of 566829784.
2, 43, 1647761
What are the prime factors of 65200492?
2, 7, 23, 137, 739
List the prime factors of 3580699797.
3, 3371, 39341
List the prime factors of 872298528.
2, 3, 113, 191, 421
List the prime factors of 1942349185.
5, 7, 4787, 11593
List the prime factors of 152600296.
2, 17, 227, 4943
What are the prime factors of 275486113?
7, 39355159
List the prime factors of 13159014.
2, 3, 11,